pose 5*j + 0*k = k + 488, -4*j - 3*k = -398. Let a = 17 + -3. Calculate the greatest common divisor of j and a.
14
Suppose -3*m + 3*t = -9, m + 0*t = 5*t - 17. Let h = m + 2. Suppose -3*q + 8*q = 5*s + 440, 2*q - s - 178 = 0. Calculate the greatest common divisor of q and h.
10
Suppose 2*d - 3*l - 25 = -0*d, d - 11 = 2*l. Let y = -15 + d. Calculate the greatest common factor of y and 18.
2
Suppose 10*o - 1820 = -3*o. Calculate the greatest common factor of 28 and o.
28
Let p = 1 + -3. Let y be (-114)/12 + p/(-4). Let z = -5 - y. What is the greatest common divisor of z and 32?
4
Suppose -3*j - 121 - 65 = 0. Suppose -p + 5*l = -0*p + 23, 5*l + 15 = 0. Let q = p - j. Calculate the highest common divisor of 6 and q.
6
Let f be ((-32)/(-12))/((-4)/(-54)). Suppose -2*o + o = -9. What is the highest common factor of f and o?
9
Let q(c) = 4*c**3 - 2*c**2 + c - 2. Let r be q(2). Let p = -33 + 36. What is the greatest common factor of r and p?
3
Let s be 3/(-1)*1/3. Let k = 4 + s. What is the highest common factor of k and 27?
3
Let v = 182 - 83. Let q = -3 + 14. Calculate the highest common factor of v and q.
11
Suppose 5*x = -2*w, -3*x + 2*w = -2*x. Let s = 6 - 4. Suppose x*p = s*p - 24. What is the highest common divisor of 60 and p?
12
Let f be (8/(-2))/(1/(-6)). Let w(i) = 2*i**2 + 17*i + 44. Let v be w(-8). What is the greatest common divisor of f and v?
12
Let g be 3/((-45)/16 - (-11 - -8)). Calculate the highest common factor of 16 and g.
16
Suppose -2*f + 108 = f. Let b be (-2)/(4/6)*5. Let l = b + f. Calculate the highest common factor of 3 and l.
3
Suppose 1 = -4*a + 33. Let n be (-2)/((-20)/35)*(-160)/(-28). What is the greatest common factor of a and n?
4
Suppose -13*i = -10*i - 45. Suppose 0 = -0*r + r - 5*o + 1077, 4*r + 4308 = -3*o. Let c be (-1)/(-3) - r/9. Calculate the highest common divisor of i and c.
15
Suppose -b - 3 = -9. Let h = b - 2. Let l = 18 - 12. Calculate the greatest common divisor of l and h.
2
Let l = 3 + 53. Calculate the greatest common factor of 8 and l.
8
Let w be -5 + (-111)/(-21) + (-351)/(-21). Calculate the greatest common factor of w and 85.
17
Let f(c) = -4*c**3 + c**2 - c - 1. Let d(x) = x**3 + 3*x**2 - 1. Let u be d(-3). Let l be f(u). Calculate the greatest common factor of 55 and l.
5
Let n = 194 - 166. What is the highest common divisor of n and 308?
28
Suppose -2*g + 6 = -s - 5*g, s = -5*g - 12. What is the highest common factor of 6 and s?
3
Suppose 355 - 385 = -2*w. Suppose 0 = -3*d - 4*o + 2*o + 313, 0 = 4*o + 4. What is the greatest common divisor of w and d?
15
Suppose -3*c + p + 25 = 0, 35 = 4*c - c + p. Let y be ((-10)/3)/((-4)/6). Calculate the greatest common factor of y and c.
5
Suppose -3*i + 0*f - f = 28, -i - 18 = -4*f. Let q be 2 - (-2 - i)/(-2). Calculate the highest common divisor of 3 and q.
3
Let n = 17 + -15. What is the highest common factor of 18 and n?
2
Suppose -4*m - z = 1 - 20, 2*m = z + 17. What is the greatest common divisor of m and 3?
3
Suppose -592 = -10*b + 2*b. What is the greatest common divisor of b and 37?
37
Suppose 3*r = 2*r + 306. What is the highest common factor of 34 and r?
34
Let x = 131 - 11. Let m be 5/(-2)*-2 - (-31 + 21). What is the greatest common factor of m and x?
15
Let c be 5/((-3)/(-9) - 0). Calculate the highest common factor of c and 5.
5
Suppose -2*h + 32 = -h. Calculate the greatest common divisor of h and 8.
8
Suppose -9*q + 3*q = -132. Suppose -2*t - m + 5 = -18, 3*t + 5*m - 38 = 0. What is the highest common factor of q and t?
11
Suppose 20 = 2*a - 2*f - 34, -f = -3*a + 79. What is the greatest common factor of 130 and a?
26
Suppose 2*c = -c. Let k(u) = 13*u**3 + u**2. Let i be k(1). Suppose 2*q - i - 8 = c. Calculate the highest common divisor of q and 77.
11
Let h(y) = -y**3 + 3*y**2 - 2*y. Let w be h(2). Let m(r) = w*r + 7 - r + 2*r. Let g be m(-5). What is the highest common factor of 2 and g?
2
Suppose -7 + 115 = 3*g + v, 3*g = -5*v + 108. Calculate the greatest common divisor of g and 90.
18
Suppose -c + 2*s + 5 = 0, 3 = 2*c - 3*s - 9. What is the highest common factor of 36 and c?
9
Let w = -44 - -74. What is the highest common divisor of 10 and w?
10
Let p = -2 - -18. What is the greatest common divisor of p and 4?
4
Let b(m) be the third derivative of -m**4/8 - 5*m**3/6 - 3*m**2. Let j be b(-4). What is the greatest common divisor of j and 35?
7
Let x be (8/8 + -2)*-93*3. What is the greatest common divisor of x and 31?
31
Suppose 5*c + 2*a = -8, -5*a + 1 = 5*c + 6. Let j(p) = -3*p - 3. Let v be j(c). Let l be (-9 + 0)*(-3 + 0). What is the highest common factor of l and v?
3
Suppose 0 = -f - 3*f + 20. Suppose 3*z = f*z. Let q be (1/(-2) + z)*-8. What is the highest common factor of q and 12?
4
Let h = -72 - -300. Let z = -140 + h. Let k(o) = -o**2 + 9*o + 11. Let u be k(9). What is the highest common divisor of u and z?
11
Let t = -22 - -35. Let o be 51/(-85)*3*-65. What is the greatest common factor of o and t?
13
Suppose -j = -12 + 2. Suppose 3*z - j = 47. What is the greatest common factor of z and 171?
19
Let y(g) = -4*g**2 + 5*g - 12. Let n(q) = -5*q**2 + 4*q - 12. Let o(v) = 5*n(v) - 6*y(v). Let z be o(-10). Calculate the highest common divisor of 4 and z.
4
Let v(c) = -c**3 + 5*c**2 + 3*c - 6. Let u be v(4). Calculate the greatest common divisor of u and 154.
22
Suppose -3*g - 22 = -295. Calculate the greatest common factor of 26 and g.
13
Suppose i = 2*i. Suppose -p + 5*m + 88 = i, -5*p + 500 = -0*m + 5*m. What is the highest common divisor of p and 14?
14
Suppose y - 6*y + 87 = -3*h, 3*h + 12 = 0. What is the greatest common divisor of y and 30?
15
Let p(y) be the second derivative of -y**3/3 + 2*y**2 + 2*y. Suppose x = -3 - 3. Let s be p(x). Calculate the greatest common factor of s and 112.
16
Suppose -2*c - 5 = 3. Let q be (-42)/4*c/6. Let k be q + 3 + 0 + -2. What is the greatest common divisor of k and 40?
8
Let f be 2/2 - 132/1. Let c = f + 287. Suppose 0 = 4*x - 4, 5*a - c - 117 = 2*x. What is the highest common divisor of 11 and a?
11
Let f = -125 + 173. What is the highest common divisor of f and 64?
16
Let u be 2/(-3)*1*-21. Let t be 78/21 - (-4)/u. Suppose -5*i - s + 67 = -172, t*i = 4*s + 196. What is the greatest common factor of 12 and i?
12
Suppose 0*j + 78 = 4*f + 2*j, -4*f + 83 = 3*j. Let a = 29 - f. Let c = a - -42. Calculate the highest common divisor of 36 and c.
18
Suppose 5*m - 10 - 20 = 0. What is the greatest common divisor of m and 42?
6
Let y = -65 - -78. Calculate the greatest common divisor of 65 and y.
13
Let f = 83 - -85. Suppose n = 5*a - 202, a - 4*n = -3*a + f. What is the greatest common divisor of a and 10?
10
Let m be (-30)/(-165) + (163/11 - 0). Calculate the highest common divisor of 30 and m.
15
Let d(p) = 3 - p**3 + 0*p**3 + 2*p + 2 + 3*p + 7*p**2. Let j be d(7). Suppose f = -4*t + 18, 2*f = -t + 31 - 9. What is the greatest common factor of j and f?
10
Let i(q) = -19*q - 201. Let u be i(-12). Let p be (-2 - -1)/((-2)/6). Calculate the highest common factor of p and u.
3
Let c be -2*3*(-4)/6. Suppose 0 = -2*i + 5*z + 39, c = i - 5*z - 28. Suppose -d = 3*d - 196. What is the highest common factor of d and i?
7
Suppose -3*h - d + 8 = 0, 0*h - 6 = -h + 3*d. Suppose -5*n - 31 = -4*j, -h*j + 7*j - 41 = 3*n. What is the greatest common divisor of j and 154?
14
Let v(a) = a + 1. Let c be v(-1). Suppose 3*w - 35 - 7 = c. What is the greatest common factor of 14 and w?
14
Let n(h) = 16*h**2 + 1. Let k be n(1). Suppose 2*b - 73 - k = 0. Let g(y) = 13*y + 4. Let v be g(2). What is the highest common factor of v and b?
15
Let u(o) = 3*o + 2. Let i be u(3). What is the highest common factor of i and 88?
11
Let r = -5 - -6. Let x(b) = 13*b**3 + b**2 + b - 1. Let k be x(r). Suppose 3*f - 2*t = 16, 2*f + f = 4*t + k. Calculate the highest common divisor of f and 24.
6
Suppose 2*m - 52 - 2 = 0. Calculate the highest common factor of m and 9.
9
Suppose -w = 4*h - 51, -3*h = -3*w + 14 - 71. What is the highest common divisor of h and 2?
2
Let c = 55 - 43. What is the highest common factor of c and 108?
12
Let u be 1 + (3 - 1) + 3. Let n = 3 - 1. Suppose n*a - u*a + 36 = 0. Calculate the greatest common factor of 81 and a.
9
Suppose 3*x + 282 = 5*q, q - x - x - 55 = 0. Suppose -4*s + 2 = -10. Suppose